{"id":378,"date":"2024-12-11T14:24:19","date_gmt":"2024-12-11T13:24:19","guid":{"rendered":"https:\/\/memesmarseillais.fr\/?page_id=378"},"modified":"2024-12-13T14:48:32","modified_gmt":"2024-12-13T13:48:32","slug":"actualites","status":"publish","type":"page","link":"https:\/\/memesmarseillais.fr\/index.php\/actualites\/","title":{"rendered":"Actualit\u00e9s"},"content":{"rendered":"\n<div class=\"wp-block-cover alignleft\" style=\"min-height:536px;aspect-ratio:unset;\"><span aria-hidden=\"true\" class=\"wp-block-cover__background has-background-dim\"><\/span><div class=\"wp-block-cover__inner-container is-layout-flow wp-block-cover-is-layout-flow\">\n<div class=\"wp-block-group is-layout-grid wp-container-core-group-is-layout-478b6e6b wp-block-group-is-layout-grid\">\n<div class=\"wp-block-media-text is-stacked-on-mobile wp-container-content-e29552f7\" style=\"grid-template-columns:56% auto\"><figure class=\"wp-block-media-text__media\"><video controls src=\"https:\/\/memesmarseillais.fr\/wp-content\/uploads\/2024\/12\/Retour-en-video-sur-la-soiree.mp4\"><\/video><\/figure><div class=\"wp-block-media-text__content\">\n<p>Le 30 novembre on a organis\u00e9 une soir\u00e9e pour f\u00eater les 100K sur Instagram ! <br>On en a profit\u00e9 pour faire un peutchi happening, un karaokew 100% marseillais et inaugurer un cocktail unique : Le Tarpin Bon <br><br>Bon on avoue qu&rsquo;on a fini confit comme pas possible <\/p>\n\n\n\n<p><\/p>\n\n\n\n<p><\/p>\n<\/div><\/div>\n<\/div>\n<\/div><\/div>\n\n\n\n<p><\/p>\n","protected":false},"excerpt":{"rendered":"","protected":false},"author":1,"featured_media":0,"parent":0,"menu_order":0,"comment_status":"closed","ping_status":"closed","template":"","meta":{"_acf_changed":false,"footnotes":""},"class_list":["post-378","page","type-page","status-publish","hentry"],"acf":[],"jetpack_sharing_enabled":true,"_links":{"self":[{"href":"https:\/\/memesmarseillais.fr\/index.php\/wp-json\/wp\/v2\/pages\/378","targetHints":{"allow":["GET"]}}],"collection":[{"href":"https:\/\/memesmarseillais.fr\/index.php\/wp-json\/wp\/v2\/pages"}],"about":[{"href":"https:\/\/memesmarseillais.fr\/index.php\/wp-json\/wp\/v2\/types\/page"}],"author":[{"embeddable":true,"href":"https:\/\/memesmarseillais.fr\/index.php\/wp-json\/wp\/v2\/users\/1"}],"replies":[{"embeddable":true,"href":"https:\/\/memesmarseillais.fr\/index.php\/wp-json\/wp\/v2\/comments?post=378"}],"version-history":[{"count":3,"href":"https:\/\/memesmarseillais.fr\/index.php\/wp-json\/wp\/v2\/pages\/378\/revisions"}],"predecessor-version":[{"id":403,"href":"https:\/\/memesmarseillais.fr\/index.php\/wp-json\/wp\/v2\/pages\/378\/revisions\/403"}],"wp:attachment":[{"href":"https:\/\/memesmarseillais.fr\/index.php\/wp-json\/wp\/v2\/media?parent=378"}],"curies":[{"name":"wp","href":"https:\/\/api.w.org\/{rel}","templated":true}]}}